5 = a + k. What is the units digit of a?
2
Let p be -2 - 60/(3/(-1)). Suppose -2*v = v - p. Suppose -56 = -v*t + 2*t. What is the tens digit of t?
1
Let q = 120 + 183. What is the units digit of q?
3
Suppose 3*m - 13 = -t, 5*t + 3 + 4 = 3*m. Let y be (-50)/(-15) + t/(-3). Suppose -d = y*d - 12. What is the units digit of d?
3
Let i = 201 + -140. What is the tens digit of i?
6
Let j = 12 - 10. What is the units digit of j?
2
Let r be ((-6)/(-3) - 4) + -2. Let v(s) = -s**2 - 9*s - 6. Let n be v(-6). Let k = r + n. What is the units digit of k?
8
Suppose 3*j + 4*p + 3 = 0, -4*j + 2*p = 6*p. Let n(z) = 6*z - 3. Let l be n(j). What is the units digit of ((-4)/6)/((-2)/l)?
5
Suppose -2*h + 10 + 0 = 0, -2*h = -3*x - 19. Let m(b) = b**2 + b + 1. What is the units digit of m(x)?
7
Suppose -147 - 16 = -h. What is the hundreds digit of h?
1
Suppose 30 = -3*b - 18. What is the units digit of ((-3)/(-4))/((-2)/b)?
6
Let x = -145 - -271. What is the tens digit of x?
2
Let p = -41 + 188. What is the hundreds digit of p?
1
What is the hundreds digit of (0 - 4)*196/(-4)?
1
Suppose -4*g - 29 = g - 3*n, 4*g - 5*n + 18 = 0. Let c = 13 + g. What is the units digit of c?
6
What is the tens digit of (-5269)/(-143) + 2/13?
3
Let b = 2 - 0. What is the units digit of b?
2
Let y = 52 - 36. What is the tens digit of y?
1
Let f(s) = 5*s**2 - 32*s + 2. Let g(a) = -3*a**2 + 21*a - 1. Let x(z) = -5*f(z) - 8*g(z). Let v = 13 + -20. What is the units digit of x(v)?
5
Suppose 2*m + 476 = 9*m. What is the tens digit of m?
6
Let h(j) = -j**3 - 5*j**2 - 3*j + 1. Let d(y) = -4*y**2 - y + 1. Let s be d(1). Let u be h(s). Let q = 1 - u. What is the units digit of q?
4
Suppose -6 - 9 = -3*r. Let d = -2 + r. Suppose -15 = -3*l - d. What is the units digit of l?
4
Let r be 4*((-9)/12)/(-1). Suppose -2*p + 27 = r*h, 4*p = 2*p - 2*h + 24. What is the units digit of p?
9
Let i = 57 - 59. Let r be 0 - (2*4 - 2). Let j = i - r. What is the units digit of j?
4
Let u(c) = c**3 + 14*c + 5*c - 26*c + 5 + 6*c**2. What is the units digit of u(-7)?
5
Let o = 5 - -1. Let n(u) = -10 - 9*u**3 - 7*u**2 + 1 + 0 + 10*u + 10*u**3. What is the tens digit of n(o)?
1
Suppose 0 = 2*r - 0*r - 4*f - 36, -2*f = -3*r + 46. What is the tens digit of r?
1
Suppose 5*f = 123 + 32. Suppose u - 5*b - 10 - 3 = 0, 0 = -4*u - b + f. What is the units digit of u?
8
Let q(f) = 2*f**2 + 2*f - 1. Let i be q(1). Let g be 4/((4/9)/2). Suppose g = -o + i*o. What is the units digit of o?
9
Let p be (2 + 1)*2/(-3). Suppose 1 + 6 = b. Let r = p + b. What is the units digit of r?
5
Let u = -5 - -8. Suppose -u = -5*m + 12. Let v = m - 2. What is the units digit of v?
1
Suppose 4 = -4*y - 4, 0 = 2*k + 4*y + 4. Suppose -4*c + 20 = 3*u, -2*u = k*u. Suppose c*h - 27 = -2. What is the units digit of h?
5
Suppose -5 = -5*u + 4*v, 0*u + 3*v - 30 = -3*u. Let g(k) = -k + 6. What is the units digit of g(u)?
1
Let w(q) = 10*q**2 - 13*q + 6. What is the tens digit of w(5)?
9
Let x(a) = 0*a**2 + 3 - a**2 + a**3 + 2*a + 0. What is the units digit of x(3)?
7
Suppose -d + 0*d = -24. Let q = d - 6. What is the units digit of q?
8
Let p(u) = -2*u - 3. Let c(w) = 8*w + 1. Let r be c(1). Suppose 2*m + 5*n = -33, 4*m + 2*n = 7*n + r. What is the units digit of p(m)?
5
Suppose -5 = -3*p - g, -3*p - 3*g - 4 + 1 = 0. Suppose 2*b = 2*y - p*y + 14, -b = -y + 5. What is the units digit of y?
8
Suppose -3*x + 12 = x. Let a be 16*(15/(-4) + 4). What is the units digit of (-6)/x + a + 1?
3
Let m = 173 + -55. What is the hundreds digit of m?
1
Let q(k) = -k**3 + 12*k**2 - 9*k - 5. Suppose -39 = -3*b - 6. What is the units digit of q(b)?
7
Let p(h) = 5*h**2 - 2*h - 2. Let n(a) = -4*a - 11. Let r be n(-8). Let o be (r/7)/(6/4). What is the tens digit of p(o)?
1
Let a(m) = m - 7. Let j be a(6). Let y(r) = -r**3 - r**2 + r. Let f(h) = 7*h**3 + 2*h**2 + 1. Let s(g) = -f(g) - y(g). What is the units digit of s(j)?
5
Suppose q - h = 33, -4*q + 9*q - 4*h - 167 = 0. What is the units digit of q/10*2/7?
1
Suppose -2*f - 2*f - 172 = -4*m, -123 = -3*m - 3*f. What is the units digit of m?
2
Let q(p) = -p**2 + 9*p + 1. Let d be (-1 + 2)/(5 - 6). Let w be -16*(d/(-1))/(-2). What is the units digit of q(w)?
9
Let r(k) = -k - 5. Let c(u) = -2*u - 11. Let t(g) = -2*c(g) + 5*r(g). What is the units digit of t(-11)?
8
Let i = 54 - -93. What is the units digit of i?
7
Let a(s) = s + 11. Let j be (3/4)/((-3)/36). Let d be a(j). What is the units digit of 6*(4/d)/2?
6
Suppose y - 2 + 3 = 0. Suppose -4 = 4*h + 8. Let n = y - h. What is the units digit of n?
2
Let n = 0 - -2. Suppose 0 = -3*r - 0*r + 5*c + 54, 4*r = -c + 49. Suppose 0 = -n*b + 3*b - r. What is the units digit of b?
3
Let y(h) = -2*h - 6. Let f be y(-7). Suppose -4*g + 20 + f = 0. Suppose 14 + g = q + 4*w, 36 = 5*q - 3*w. What is the units digit of q?
9
Suppose -4*y = -y - 69. What is the units digit of y?
3
Suppose -u - 3*u + k - 53 = 0, -3*u = -2*k + 36. Let h be 56/(-6)*(-21)/u. Let w = 2 - h. What is the tens digit of w?
1
Let h(r) = -9*r - 21. Let o(s) = -5*s - 11. Let j(z) = 3*h(z) - 5*o(z). Suppose 3*c + 14 = -4. What is the units digit of j(c)?
4
Let a(x) = x + 10. Let u be a(-6). Suppose -8 = -0*o - 4*o. Suppose -o = u*q - 30. What is the units digit of q?
7
Suppose 8*x - 5*x = 45. What is the tens digit of 14*4*x/24?
3
Let z(g) = 12*g + 2. Let n be z(2). What is the tens digit of (n + -2)*(-4)/(-6)?
1
Let r = 255 - 174. What is the tens digit of r?
8
Let m = 9 - 2. What is the tens digit of m*3 + (4 - 3)?
2
Let l(r) = 10*r - 5. What is the tens digit of l(7)?
6
Let g be 18/(-5) - (-8)/(-20). Let h be 12*g*(-15)/9. Suppose -5*k = -h - 10. What is the units digit of k?
8
Let y = 2 + -2. Let x(s) = -s + 5. Let j be x(y). Let k = j - -3. What is the units digit of k?
8
Let p(r) = r**3 + 3*r**2 - 5*r - 6. Let z be p(-4). Let v(f) = 20*f**2 + f + 2. Let k be v(z). Suppose -5*a + k = 10. What is the units digit of a?
4
Suppose 4*i - 32 = f + 3*f, -4*f + 31 = 5*i. Let n(l) = -l - 1. Let h be n(i). What is the units digit of 0 - 2/2 - h?
7
Let v be (-24)/(-10) + (-4)/10. Suppose 0 = -6*u + 5*u + v. What is the units digit of u?
2
Suppose -3*g = 4*a + 22, 0 = -2*g - 0*a - 2*a - 14. What is the tens digit of ((-42)/4)/(g/8)?
1
Let l(r) = r**3 - 4*r**2 + 4*r - 3. Let j = 11 + -8. Let o be l(j). What is the units digit of (o - 0)*1 + 1?
1
Let h = -10 - -31. What is the units digit of h?
1
Let n(f) = 2*f + 3. Let j be n(3). What is the tens digit of (j/27)/(2/102)?
1
Suppose n = -2*n + 9. What is the units digit of n?
3
Let z(s) = -s**3 + s**2 + 4*s - 3. Let k be z(2). Suppose 0 = 5*a - 25, 0 = 3*j - 2*a + k - 18. What is the units digit of j?
9
Suppose 0 = 3*k - 12, -q + 351 = k. What is the units digit of q?
7
What is the units digit of 3 - (-60)/(-4)*-5?
8
Let m = -9 - -15. Let l be m*4*(-4)/(-6). Let j = 26 - l. What is the tens digit of j?
1
Let c = 15 - 1. Suppose o + o = c. What is the units digit of o?
7
Let d(o) = -o**2 - 4*o. Suppose w = -4*m + 6*w + 8, 2*w + 6 = 3*m. Suppose r - m*r = -3*y - 6, -5*y - r = 18. What is the units digit of d(y)?
3
Let c(n) = 3*n**2 - 6. What is the hundreds digit of c(6)?
1
Suppose -33*g - 696 = -36*g. What is the units digit of g?
2
Suppose 0 = -f - 0 + 3. Suppose -2*i = -2*x + 32, -52 = -f*x + 2*i - 6. What is the units digit of x?
4
Let a = -71 + 145. What is the tens digit of a?
7
Let h(v) = -4*v - 10. Let c(d) = -3*d - 10. Let n(w) = 3*c(w) - 2*h(w). Let r be n(-7). What is the units digit of 14/8 + r/(-12)?
2
Let s = -265 - -479. What is the tens digit of s?
1
Let c = 1 - -4. Suppose 37 = 2*b + 3*x - 38, 3*b - c*x = 65. Suppose -4*k + k = -b. What is the units digit of k?
0
Let u be (-98)/(-1) + (5 - 4). What is the units digit of -4 - -7 - u/(-3)?
6
Let y(s) = s**3 - 6*s**2 - 15*s + 4. What is the units digit of y(8)?
2
Suppose b - 5*b = -24. What is the units digit of -18*(8/b - 2)?
2
Let w(v) = v**2 - 13*v + 7. Let b be w(8). Let n = b - -56. What is the tens digit of n?
2
Let v(i) = 4*i**3 + i**2 + 1. What is the tens digit of v(2)?
3
What is the hundreds digit of (4 - 2)/(((-15)/303)/(-5))?
2
Suppose -348 + 1089 = 3*m. What is the hundreds digit of m?
2
Let n(l) = -l**2 + 13*l - 15. Let s be n(12). What is the units digit of (-14)/(-21) - 28/s?
0
Let r(v) = v**3 - 8*v**